te the remainder when d is divided by 24.
9
Let g(m) = -65*m**2 + 3*m - 4. Let r be g(1). Calculate the remainder when r/(-9)*(-9)/(-6) is divided by 3.
2
Let p(a) = -a**2 + 7*a - 4. Let h be p(5). Suppose -w = -2*i + 26, -i - 4*w - 59 = -h*i. Calculate the remainder when i is divided by 8.
7
Let d(b) = 26*b**2 - 3*b - 5. Let k be d(4). Suppose -7*r = -10*r + k. Calculate the remainder when r is divided by 27.
25
Suppose -56*y + 51*y - 53 = -4*v, y = -v + 20. Let w(z) = -54*z - 1. Let u be w(-1). Let o = u + 14. What is the remainder when o is divided by v?
16
What is the remainder when 96 is divided by 1*47/2 + (-93)/(-62)?
21
Let a = -1198 + 1285. Calculate the remainder when a is divided by 22.
21
Suppose -10*q = -6*q + 4. Calculate the remainder when (-53)/((2/(-2) + q)/2) is divided by 29.
24
Suppose -4*f = -5*c + 235, f - 2*f = 5*c - 210. Let v(j) = 0 + 3*j**3 + 2 - 1 - 3*j + j**2. Calculate the remainder when c is divided by v(2).
20
Let v(p) = p**2 + 2*p + 7. Let i be (-1)/(-3*3/(-36)). What is the remainder when v(i) is divided by 7?
1
Let x be ((11 - 5) + -2)*150/(-8). Let i = 95 + x. Let k(s) = s**2 - 2*s + 3. What is the remainder when k(7) is divided by i?
18
Suppose -272*n = -262*n - 12400. What is the remainder when n is divided by 138?
136
Suppose -2*a + 90 = a. Let n be (-26)/(-10) + 12/a. Suppose n*r - 5*r = 2*x - 108, 0 = 2*x - 5*r - 80. Calculate the remainder when x is divided by 13.
11
Let k(p) = -p**3 - 14*p**2 + 16*p + 18. Let x be k(-15). Suppose -y = 1, -x*f - 186 = -8*f - 4*y. Calculate the remainder when 112 is divided by f.
36
Suppose -k - 378 = -2*u + 3*k, 0 = -4*k - 4. What is the remainder when u is divided by 19?
16
Suppose -k - 2*g = -60, -2*g + 16 = -3*k + 220. Calculate the remainder when k is divided by 14.
10
Let i(c) = -26*c - 4. Let k(o) = 13*o + 2. Let s(d) = 6*i(d) + 11*k(d). What is the remainder when s(-8) is divided by 35?
32
Let b(t) = 25 + 3*t**2 - 22 + t - 9*t. Let z be b(5). Suppose -o + 0*o - 3*d + 46 = 0, o - z = -5*d. Calculate the remainder when o is divided by 15.
13
Suppose -5*g + 5*r = -75, -2*g = -3*r - 36 + 6. Let f(m) = -m + 5. What is the remainder when g is divided by f(-4)?
6
Let p be (-14 + -1)*(-14)/(-6). Let n = p + 69. Calculate the remainder when n is divided by 18.
16
Let l = 716 + -709. Calculate the remainder when l is divided by 3*(-2)/4*-2.
1
What is the remainder when 2 is divided by (9/(-12))/(((-15)/4)/5)?
0
Let x(u) = -u + 21. Suppose -2*h + 7*h - 45 = 0. What is the remainder when 26 - (-3)/((-18)/(-42)) is divided by x(h)?
9
Let s(b) = b + 13. Suppose -84 = -2*j - 92. Calculate the remainder when 33 is divided by s(j).
6
Let b be (3 - 0)*-1*16/6. What is the remainder when 3*(1 - b/(-4))*-16 is divided by 26?
22
Suppose -3*b = 4*u - 40, 0 = -5*b + 7*u - 2*u + 55. Suppose -485 = -17*d + b*d. What is the remainder when d is divided by 50?
47
Suppose -2*d = -0*d. Suppose 8*g + 1 = 25. Suppose -l - 2*c = -77, -4*l - g*c + 0*c + 303 = d. What is the remainder when l is divided by 19?
18
Let o(k) = -k**3 - 18*k**2 + 36*k - 24. Calculate the remainder when o(-20) is divided by 23.
10
Calculate the remainder when (4 + (-5 - -1) - 166)/(-2) is divided by 22.
17
Suppose -52 = -3*p + a, 2*p - 3*a + 4 = 3*p. What is the remainder when 25 is divided by p?
9
Let k = -74 - -102. What is the remainder when 114 is divided by k?
2
Suppose -d = -0*d + w - 26, 5*d = -w + 126. Let q = 3 + -3. Suppose 3*u + q*u = 291. What is the remainder when u is divided by d?
22
Let s(j) = -15*j + 53. Let c(l) = -l**3 - 7*l**2 + 5*l - 5. What is the remainder when s(-4) is divided by c(-8)?
18
Suppose 4*z + m = 12*m + 163, -m - 140 = -5*z. What is the remainder when 615 is divided by z?
21
Suppose 0 = -0*f - f + 11. Calculate the remainder when -1*(-84 + 2)/2 is divided by f.
8
Let a(s) = -s**2 - 25*s + 4. Let o be a(-25). Suppose 0 = o*w - 36 - 80. What is the remainder when w is divided by 15?
14
Let y(j) = -10*j - 9. Suppose 3*w - 6*w = 9. What is the remainder when 40 is divided by y(w)?
19
Let p = 36 + -32. Suppose 3*m + p = 25. Suppose 2*a + 2*k - 44 = 0, -3*k - 2 = m. What is the remainder when a is divided by 15?
10
Let c = -2271 + 2287. What is the remainder when 34 is divided by c?
2
Let n = 19 - 13. Suppose -r + 5 = -n. Suppose -3*w - 3*j + r = -25, -5*w + 60 = -j. What is the remainder when 47 is divided by w?
11
Let j be 3/(-9)*3*-5. Suppose y - 3 = 3*l, 4*y + 6 - 25 = j*l. What is the remainder when 10 is divided by y?
4
Let c be (3/12 - 1)/(4/(-16)). Suppose 2*r - 10 = c*l, -5*r + l = -28 - 10. Calculate the remainder when 38 is divided by r.
6
Let q(o) = o**2 + 26*o - 68. What is the remainder when 44 is divided by q(3)?
6
Let q = 448 - 409. Calculate the remainder when 385 is divided by q.
34
Let n(c) = c**2 - 3*c. Let i(d) = d**2 - 6*d - 4. Let j be i(8). Suppose -3*r = -j - 0. Calculate the remainder when n(4) is divided by r.
0
Calculate the remainder when 517 is divided by (-6 - -5)*(-9 + -49).
53
Suppose -5*g = -k + 220 + 321, -2*k - 106 = g. What is the remainder when (-4)/18 + 3/g*-1268 is divided by 12?
11
Suppose 0 = -8*p - 4*p + 1512. Suppose -p = 6*c - 9*c. Calculate the remainder when c is divided by (-1 - 1)*22/(-4).
9
Let h(f) = f**2 - f + 1. Let a(x) = 3*x**2 + 4*x. Let u(w) = a(w) + h(w). Suppose 0 = d + 2 + 1. What is the remainder when u(d) is divided by 10?
8
Suppose -194 + 492 = 5*b - 3*n, -4*b - n = -235. What is the remainder when b is divided by 22?
15
Let o(q) = -2*q - 2. Suppose 7*h + 3*l + 27 = 3*h, -5*h + 3*l = 0. Calculate the remainder when 1313/91 + (-8)/(-14) is divided by o(h).
3
Let w(u) = u + 4. Let p be w(-3). Suppose p = 3*q + 13. Calculate the remainder when 39 is divided by -10*(q - (-4 + 1)).
9
Let q be (-1)/2 + (-3)/(-6). Suppose q = 2*b - 5*b + 48. Calculate the remainder when 9*((-650)/(-45) - 11) is divided by b.
15
Suppose -4*l = 4*a - 2848, -5*a + 3336 + 206 = -l. Calculate the remainder when a is divided by 79.
77
Let p = 1957 + -1819. What is the remainder when p is divided by 46?
0
Suppose -89*a = -37*a - 1612. Calculate the remainder when 772 is divided by a.
28
Let z = -93 + 62. Let c = -7 + z. Let v = -21 - c. Calculate the remainder when v is divided by 10.
7
Let c(f) = -5*f + 4. Suppose -6*l = -0*l - 18. Suppose -2*a = u - 114, -2*a + 108 = -l*u + u. What is the remainder when a is divided by c(-5)?
27
Suppose -5*f + 132 = 4*k, -5*f + 2*k = 3*k - 123. What is the remainder when f is divided by 13?
11
Let w(v) = 4*v**2 - 2*v + 1. Let f(r) = -5*r**3 - 2*r**2 + 6*r + 5. What is the remainder when f(-3) is divided by w(-2)?
20
Let f(b) = -7*b - 3. Suppose o = -0*o + 18. Calculate the remainder when f(-2) is divided by (-4)/(-8)*o/3.
2
Let n be (-18)/(-12) - (-3)/(-2). Suppose 0 = -5*w - n*w + 150. What is the remainder when 86 is divided by w?
26
Suppose 3*l = -l + 16. Suppose 0 = -4*t - k + 8 + 2, -2*t + 4 = k. Calculate the remainder when 3/(3/l) - -7 is divided by t.
2
Let w(y) = 20*y**2 + 23*y - 3. Let g be w(3). Let b(v) = 26*v. Let s be b(-6). Let c = g + s. What is the remainder when c is divided by 23?
21
Suppose 4*w + w - 2*j = 201, -2*w + 69 = 3*j. Suppose -21*u + 17*u = 2*p - 164, 0 = 2*p - u - 149. Calculate the remainder when p is divided by w.
37
Let y = -94 + 140. Calculate the remainder when y is divided by 16.
14
Let n = 45 - 90. Let g = -41 - n. Let i(o) = 4*o + 2. What is the remainder when i(2) is divided by g?
2
Let o be 2/11 + 5 + (-5620)/55. Let u = -94 - o. What is the remainder when 4 is divided by u?
1
Calculate the remainder when 16 is divided by ((-60)/45)/(1/(-3)) + -2.
0
Let g be (-3)/15 - (-2)/10*1. Suppose g = -9*n + 62 + 19. What is the remainder when 33 is divided by n?
6
Suppose 2*r = 11 - 3, -r = 4*y - 12. Let q(b) = b**2 + 9*b - 16. What is the remainder when 10 is divided by q(y)?
4
Suppose 0 = 4*y - 20, 4*g - 2*y = -3 + 1. What is the remainder when 33 is divided by 4/g + -2 - -17?
16
Suppose 4*a - s - 55 = 4*s, 2*a = 4*s + 26. Let m(k) = 28*k - 39. Suppose 5*c + 18*c - 92 = 0. What is the remainder when m(c) is divided by a?
13
Suppose -4*n = -2*n + 2*n. Suppose 2*w + n*w - 30 = 0. What is the remainder when 44 is divided by w?
14
Suppose -n - 92 = -0*o - 4*o, -3*o = -2*n - 179. Let q be 44/3